3 (base 9) to base 7
2631
42410 (base 5) to base 8
5447
Convert -103000 (base 4) to base 3.
-1200001
Convert 223 (base 13) to base 12.
267
What is d1 (base 15) in base 8?
304
Convert -1213 (base 6) to base 12.
-209
62435 (base 9) to base 7
231026
What is 1532 (base 8) in base 11?
710
Convert -3383 (base 12) to base 4.
-1121103
Convert -41440 (base 5) to base 3.
-10202200
Convert -20496 (base 11) to base 2.
-111010010101111
What is 3056 (base 15) in base 7?
41520
Convert -101125 (base 8) to base 3.
-1200202202
What is 15c2 (base 14) in base 7?
14232
What is -1001121 (base 3) in base 6?
-3324
Convert -62380 (base 10) to base 4.
-33032230
6458 (base 11) to base 8
20525
6298 (base 14) to base 5
1020430
Convert 3202411 (base 5) to base 9.
81323
Convert -1a1 (base 14) to base 3.
-110111
1227 (base 14) to base 10
3171
-2660 (base 10) to base 16
-a64
330321 (base 4) to base 16
f39
1175 (base 9) to base 10
878
Convert 100221121 (base 3) to base 6.
53324
1000100100001 (base 2) to base 9
6012
20410 (base 5) to base 9
1765
Convert 1867 (base 12) to base 6.
21411
Convert 61e (base 16) to base 9.
2130
What is 1b17 (base 13) in base 12?
2438
Convert -2304 (base 7) to base 2.
-1101000101
1180 (base 13) to base 2
100110100110
1567 (base 10) to base 16
61f
What is 40222 (base 5) in base 6?
15510
-22345 (base 8) to base 3
-110221211
Convert 74262 (base 8) to base 13.
110aa
What is -2255 (base 8) in base 11?
-999
What is 1260 (base 9) in base 11?
78a
Convert 61b (base 14) to base 4.
102301
-2551 (base 6) to base 13
-3a6
10130 (base 5) to base 13
3c2
Convert 13641 (base 7) to base 15.
11a3
What is a2c (base 14) in base 7?
5555
What is 2765 (base 15) in base 10?
8420
What is -20101 (base 3) in base 8?
-254
-1249 (base 15) to base 4
-330312
c5 (base 15) to base 12
135
Convert -4a2 (base 11) to base 8.
-1124
-13318 (base 10) to base 8
-32006
Convert -118 (base 14) to base 7.
-431
What is -101222 (base 3) in base 10?
-296
What is 1000011101 (base 2) in base 3?
202001
What is 250544 (base 7) in base 3?
2022221212
-1200100 (base 3) to base 7
-3366
139 (base 13) to base 2
11011001
3f7a (base 16) to base 15
4c35
What is -2214 (base 5) in base 13?
-1aa
Convert -810 (base 9) to base 8.
-1221
What is 24322 (base 5) in base 10?
1837
-524 (base 11) to base 5
-10011
-3983 (base 12) to base 5
-202304
1917 (base 16) to base 5
201143
Convert 111101011 (base 2) to base 11.
407
What is 327 (base 14) in base 11?
517
Convert -7c5 (base 15) to base 12.
-1028
What is -764a (base 14) in base 3?
-1001001102
What is 2461 (base 16) in base 15?
2b5d
What is d7b (base 15) in base 16?
be1
5080 (base 14) to base 12
8008
-4eb (base 15) to base 3
-1112112
-596 (base 11) to base 15
-325
Convert -153 (base 8) to base 13.
-83
What is -19f (base 16) in base 2?
-110011111
1550 (base 7) to base 3
212002
What is 15d9 (base 16) in base 12?
32a1
201022 (base 3) to base 7
1343
Convert -12101201 (base 3) to base 8.
-7536
What is 20010 (base 4) in base 16?
204
-2a5 (base 11) to base 16
-165
-1120201002 (base 3) to base 7
-156524
73920 (base 10) to base 15
16d80
What is -248 (base 10) in base 3?
-100012
-21522 (base 7) to base 13
-25cb
101101100 (base 2) to base 6
1404
What is 8a5 (base 12) in base 10?
1277
Convert -b92 (base 15) to base 5.
-40422
Convert -1220000 (base 4) to base 13.
-3050
What is 329 (base 10) in base 7?
650
What is -4e30 (base 15) in base 3?
-211220100
What is -7f2 (base 16) in base 13?
-c06
-789 (base 13) to base 8
-2420
What is -22200200 (base 3) in base 2?
-1100011000000
What is 24355 (base 13) in base 8?
201667
51422 (base 6) to base 11
5171
What is -4e4c (base 16) in base 13?
-917b
What is -1704 (base 9) in base 4?
-110110
What is 369f (base 16) in base 2?
11011010011111
What is 101443 (base 8) in base 2?
1000001100100011
Convert 11803 (base 10) to base 16.
2e1b
What is b4 (base 14) in base 13?
c2
2c3c (base 14) to base 13
3793
What is -109 (base 15) in base 14?
-12a
-11 (base 12) to base 4
-31
Convert a7 (base 15) to base 9.
184
What is 1072 (base 8) in base 5?
4240
What is -11100101110101 (base 2) in base 16?
-3975
Convert cdb0 (base 15) to base 4.
22221012
Convert -100100010 (base 3) to base 13.
-3138
What is 265 (base 8) in base 16?
b5
What is 11323222 (base 4) in base 6?
304254
210 (base 16) to base 10
528
10215 (base 7) to base 13
11b2
-279 (base 12) to base 4
-11331
Convert -1010000000 (base 2) to base 5.
-10030
What is 4078 (base 9) in base 15?
d42
Convert 1288 (base 9) to base 15.
44b
Convert 12111010 (base 3) to base 6.
30303
Convert 1506 (base 10) to base 15.
6a6
What is 25841 (base 10) in base 12?
12b55
Convert -11115 (base 6) to base 10.
-1559
101110210 (base 3) to base 12
4503
Convert -22204 (base 7) to base 6.
-41514
Convert -26254 (base 7) to base 13.
-3253
What is -2253 (base 9) in base 8?
-3204
What is -1244014 (base 5) in base 3?
-1021010122
Convert -2e6a (base 16) to base 12.
-6a62
Convert 6d (base 15) to base 10.
103
Convert c7a (base 16) to base 12.
1a22
-2141 (base 16) to base 4
-2011001
Convert a56 (base 13) to base 10.
1761
Convert 34120 (base 7) to base 2.
10000110111110
405b (base 12) to base 11
5279
What is dc9 (base 16) in base 6?
24201
Convert -13131 (base 4) to base 7.
-1251
18828 (base 9) to base 16
330b
What is c9b (base 13) in base 5?
32111
-98ca (base 15) to base 4
-13321231
Convert -20201112 (base 3) to base 8.
-11445
-22 (base 6) to base 9
-15
26965 (base 10) to base 8
64525
-33123 (base 4) to base 16
-3db
21221121 (base 3) to base 13
2839
Convert -2691 (base 12) to base 2.
-1000101001101
35 (base 10) to base 12
2b
What is 1724 (base 9) in base 3?
1210211
Convert 1111010010 (base 2) to base 15.
453
What is 3111304 (base 5) in base 6?
1031153
Convert -3174 (base 11) to base 12.
-2517
What is 67423 (base 9) in base 4?
22330032
What is -130 (base 16) in base 9?
-367
-13855 (base 10) to base 13
-63ca
What is 100011001 (base 2) in base 13?
188
-2110 (base 6) to base 9
-576
Convert 523 (base 7) to base 2.
100000110
390 (base 10) to base 16
186
What is -33646 (base 8) in base 11?
-a781
Convert 154624 (base 7) to base 16.
7720
3225 (base 6) to base 13
449
-2541 (base 10) to base 12
-1579
What is -21040 (base 5) in base 14?
-719
319 (base 11) to base 6
1435
-1100111 (base 2) to base 11
-94
-10000211 (base 4) to base 5
-1011141
What is 59a7 (base 11) in base 15?
24e1
Convert -20221100 (base 3) to base 10.
-5058
-2 (base 9) to base 2
-10
-31256 (base 7) to base 5
-221220
-1134 (base 6) to base 10
-274
Convert 1002112201 (base 3) to base 2.
101010000100010
-297 (base 10) to base 8
-451
11a7 (base 16) to base 14
190b
Convert -1920 (base 13) to base 15.
-1199
Convert -2e8 (base 16) to base 15.
-349
201001 (base 5) to base 8
14350
Convert 614 (base 10) to base 9.
752
Convert -2b9 (base 12) to base 13.
-270
What is -b9 (base 13) in base 7?
-305
31154 (base 6) to base 2
1000001001110
-53a0a (base 11) to base 5
-10002133
5849 (base 12) to base 2
10011001111001
Convert 360 (base 13) to base 6.
2413
What is -15214 (base 11) in base 15?
-65bd
-321220 (base 4) to base 8
-7150
Convert 2ecd (base 15) to base 10.
10093
117c (base 13) to base 7
10125
25565 (base 8) to base 12
6531
2120102 (base 3) to base 5
24444
-250e (base 16) to base 12
-55a6
What is -5aa6 (base 11) in base 14?
-2ca1
101252 (base 6) to base 8
17640
-140 (base 14) to base 15
-11c
What is -7304 (base 8) in base 5?
-110110
What is 110002011 (base 3) in base 10?
8806
What is 63c6 (base 14) in base 2?
100001101001010
-405452 (base 6) to base 4
-13321220
Convert 777 (base 14) to base 5.
21402
Convert -1021220022 (base 3) to base 16.
-6362
What is 43dd (base 16) in base 7?
101436
What is -5404 (base 8) in base 4?
-230010
505 (base 6) to base 14
d3
What is 12500 (base 10) in base 2?
11000011010100
What is -1441 (base 6) in base 5?
-3020
What is 2370 (base 8) in base 9?
1663
6c2 (base 14) to base 5
20341
Convert -539 (base 10) to base 15.
-25e
What is 170 (base 9) in base 13?
b1
1101011101 (base 2) to base 4
31131
22323 (base 4) to base 9
856
What is -144022 (base 6) in base 12?
-8012
-633 (base 7) to base 14
-18a
Convert 25024 (base 6) to base 4.
321220
What is 21205 (base 6) in base 7?
11261
What is 1574 (base 10) in base 4?
120212
1a1 (base 13) to base 3
102010
Convert 111011101100 (base 2) to base 4.
323